s the remainder when 381 is divided by 26?
17
What is the remainder when 305 is divided by 10?
5
Calculate the remainder when 71 is divided by 30.
11
Calculate the remainder when 38 is divided by 8.
6
What is the remainder when 244 is divided by 87?
70
Calculate the remainder when 2510 is divided by 823.
41
Calculate the remainder when 1835 is divided by 12.
11
Calculate the remainder when 46 is divided by 3.
1
What is the remainder when 3362 is divided by 420?
2
Calculate the remainder when 696 is divided by 62.
14
Calculate the remainder when 1531 is divided by 315.
271
What is the remainder when 411 is divided by 71?
56
What is the remainder when 470 is divided by 59?
57
Calculate the remainder when 1737 is divided by 30.
27
What is the remainder when 104 is divided by 27?
23
Calculate the remainder when 857 is divided by 54.
47
What is the remainder when 1849 is divided by 919?
11
What is the remainder when 2339 is divided by 11?
7
Calculate the remainder when 1055 is divided by 132.
131
Calculate the remainder when 1148 is divided by 16.
12
What is the remainder when 5186 is divided by 23?
11
Calculate the remainder when 329 is divided by 10.
9
Calculate the remainder when 205 is divided by 173.
32
What is the remainder when 2201 is divided by 23?
16
What is the remainder when 129 is divided by 10?
9
Calculate the remainder when 1763 is divided by 84.
83
Calculate the remainder when 1879 is divided by 5.
4
What is the remainder when 167 is divided by 43?
38
What is the remainder when 16820 is divided by 13?
11
What is the remainder when 111 is divided by 10?
1
Calculate the remainder when 1167 is divided by 18.
15
What is the remainder when 34403 is divided by 47?
46
Calculate the remainder when 113 is divided by 57.
56
What is the remainder when 19 is divided by 18?
1
What is the remainder when 6044 is divided by 48?
44
What is the remainder when 90 is divided by 47?
43
Calculate the remainder when 109 is divided by 32.
13
Calculate the remainder when 134 is divided by 32.
6
Calculate the remainder when 7277 is divided by 13.
10
Calculate the remainder when 2065 is divided by 90.
85
What is the remainder when 123 is divided by 21?
18
What is the remainder when 1957 is divided by 54?
13
Calculate the remainder when 1568 is divided by 569.
430
Calculate the remainder when 1798 is divided by 72.
70
Calculate the remainder when 61 is divided by 6.
1
Calculate the remainder when 1054 is divided by 6.
4
Calculate the remainder when 228 is divided by 33.
30
What is the remainder when 184 is divided by 48?
40
What is the remainder when 10 is divided by 3?
1
What is the remainder when 2494 is divided by 86?
0
What is the remainder when 7725 is divided by 24?
21
Calculate the remainder when 551 is divided by 8.
7
What is the remainder when 875 is divided by 310?
255
Calculate the remainder when 3367 is divided by 839.
11
Calculate the remainder when 1352 is divided by 23.
18
Calculate the remainder when 354 is divided by 92.
78
Calculate the remainder when 2383 is divided by 298.
297
Calculate the remainder when 32 is divided by 13.
6
Calculate the remainder when 365 is divided by 94.
83
What is the remainder when 38568 is divided by 290?
288
Calculate the remainder when 46 is divided by 34.
12
What is the remainder when 4605 is divided by 64?
61
What is the remainder when 342 is divided by 15?
12
Calculate the remainder when 631 is divided by 35.
1
Calculate the remainder when 169 is divided by 43.
40
Calculate the remainder when 5685 is divided by 1420.
5
What is the remainder when 282 is divided by 4?
2
What is the remainder when 1081 is divided by 57?
55
What is the remainder when 1057 is divided by 213?
205
Calculate the remainder when 1589 is divided by 3.
2
Calculate the remainder when 2271 is divided by 1127.
17
What is the remainder when 134 is divided by 71?
63
What is the remainder when 1438 is divided by 60?
58
Calculate the remainder when 1345 is divided by 135.
130
What is the remainder when 899 is divided by 53?
51
Calculate the remainder when 4241 is divided by 1410.
11
Calculate the remainder when 74 is divided by 13.
9
What is the remainder when 603 is divided by 315?
288
Calculate the remainder when 108 is divided by 8.
4
Calculate the remainder when 72 is divided by 32.
8
Calculate the remainder when 495 is divided by 28.
19
What is the remainder when 99 is divided by 10?
9
Calculate the remainder when 119 is divided by 4.
3
Calculate the remainder when 2001 is divided by 154.
153
What is the remainder when 202 is divided by 18?
4
What is the remainder when 183 is divided by 31?
28
Calculate the remainder when 576 is divided by 191.
3
Calculate the remainder when 918 is divided by 193.
146
What is the remainder when 693 is divided by 17?
13
What is the remainder when 31 is divided by 10?
1
Calculate the remainder when 516 is divided by 40.
36
Calculate the remainder when 284 is divided by 43.
26
Calculate the remainder when 106 is divided by 27.
25
Calculate the remainder when 215 is divided by 18.
17
Calculate the remainder when 761 is divided by 15.
11
Calculate the remainder when 74 is divided by 40.
34
Calculate the remainder when 5164 is divided by 76.
72
Calculate the remainder when 81 is divided by 6.
3
Calculate the remainder when 171 is divided by 47.
30
Calculate the remainder when 938 is divided by 231.
14
What is the remainder when 29145 is divided by 247?
246
Calculate the remainder when 174 is divided by 128.
46
What is the remainder when 113 is divided by 31?
20
What is the remainder when 2001 is divided by 136?
97
Calculate the remainder when 214 is divided by 18.
16
Calculate the remainder when 399 is divided by 211.
188
What is the remainder when 591 is divided by 101?
86
What is the remainder when 306 is divided by 176?
130
What is the remainder when 5037 is divided by 30?
27
What is the remainder when 166 is divided by 19?
14
What is the remainder when 256 is divided by 139?
117
Calculate the remainder when 8600 is divided by 47.
46
What is the remainder when 6774 is divided by 966?
12
Calculate the remainder when 171 is divided by 52.
15
Calculate the remainder when 303 is divided by 34.
31
Calculate the remainder when 48 is divided by 26.
22
What is the remainder when 261 is divided by 42?
9
What is the remainder when 1550 is divided by 47?
46
Calculate the remainder when 975 is divided by 87.
18
Calculate the remainder when 83 is divided by 4.
3
What is the remainder when 501 is divided by 180?
141
What is the remainder when 367 is divided by 16?
15
What is the remainder when 389 is divided by 78?
77
What is the remainder when 188 is divided by 12?
8
Calculate the remainder when 868 is divided by 35.
28
Calculate the remainder when 1065 is divided by 26.
25
Calculate the remainder when 8309 is divided by 15.
14
What is the remainder when 78 is divided by 21?
15
Calculate the remainder when 7330 is divided by 20.
10
Calculate the remainder when 144 is divided by 22.
12
Calculate the remainder when 341 is divided by 87.
80
Calculate the remainder when 2778 is divided by 84.
6
Calculate the remainder when 1210 is divided by 110.
0
What is the remainder when 79 is divided by 20?
19
Calculate the remainder when 370 is divided by 17.
13
Calculate the remainder when 18562 is divided by 12.
10
What is the remainder when 2470 is divided by 20?
10
What is the remainder when 221 is divided by 12?
5
Calculate the remainder when 368 is divided by 5.
3
What is the remainder when 761 is divided by 38?
1
What is the remainder when 69 is divided by 4?
1
What is the remainder when 3475 is divided by 57?
55
What is the remainder when 18 is divided by 10?
8
Calculate the remainder when 227 is divided by 38.
37
Calculate the remainder when 822 is divided by 40.
22
What is the remainder when 1016 is divided by 337?
5
Calculate the remainder when 61 is divided by 11.
6
What is the remainder when 231 is divided by 116?
115
Calculate the remainder when 488 is divided by 44.
4
What is the remainder when 283 is divided by 121?
41
What is the remainder when 413 is divided by 28?
21
Calculate the remainder when 1007 is divided by 84.
83
Calculate the remainder when 332 is divided by 174.
158
What is the remainder when 586 is div